What is the units digit of g?
3
Let u(a) = a + 5. Let b(q) = q. Let t(c) = -4*b(c) + u(c). What is the tens digit of t(-6)?
2
Suppose 96 = 11*b - 8*b. What is the tens digit of b?
3
Suppose -1 = j, 4*j + 32 = l - 0*l. What is the tens digit of l?
2
Let q = -206 + 346. What is the units digit of q?
0
Let v = -74 + 105. What is the tens digit of v?
3
Let m = 48 - 17. What is the units digit of m?
1
Suppose 5*l + c = 16 + 2, 3*c + 14 = 2*l. Suppose -2*a - 20 = -4*w - l*a, w - 19 = 3*a. What is the units digit of w?
7
Suppose -4*f = -20, -4*m = -f - f - 10. Let n = m + 8. What is the tens digit of n?
1
Suppose -246 + 50 = -2*h - 3*g, -2*g + 299 = 3*h. What is the tens digit of h?
0
Suppose -3*z = -9 - 6. Suppose z = -r + 9. What is the units digit of r?
4
Let g(t) = t**2 + t + 1. Let a be g(-1). Let o be a + (-1*2)/2. Suppose -2 - 1 = -c + 2*s, 5*c + 2*s - 51 = o. What is the units digit of c?
9
Suppose 48 + 12 = 2*i. Let y = i - 11. What is the tens digit of y?
1
Let q be 1*2 + (5 - 2). Suppose q*c + 24 = 2*a + 4*c, 5*a = 3*c + 62. Let p(m) = m. What is the tens digit of p(a)?
1
Suppose 7*v = 2*v + 30. Let f = -1 + v. What is the units digit of f?
5
Suppose 5*w = -n - 11, -2*w - 20 = 2*n + n. Let o = n + 7. What is the units digit of o?
1
Let o(n) be the third derivative of n**4/24 - n**2. Let u be o(4). Suppose -4*g + 28 = -4*d, -u*g + d + 25 = -0*g. What is the units digit of g?
6
Suppose 8*h - 4*h - 1012 = 0. What is the hundreds digit of h?
2
Suppose -126 = -4*k + 142. Suppose -17 = 5*b - k. What is the tens digit of b?
1
Suppose -9*g + 2*g = -819. What is the hundreds digit of g?
1
Let h = -15 - -36. What is the units digit of h?
1
Let h(j) = -2*j - 37. Let c be h(-13). Suppose -3*d = -5*d + 28. Let b = c + d. What is the units digit of b?
3
Suppose 51 = d + 19. Suppose -i = -2*i + d. Suppose -4*f = -3*k + i, -12 = -5*k - 2*f - 2. What is the units digit of k?
4
What is the tens digit of ((-18)/12)/(2/(-36))?
2
Let s(k) = 2*k**2 - 9*k + 5. Let h be s(7). Suppose 3*q + u = 32, 0*q - u = -3*q + h. Suppose -q + 52 = 5*n. What is the units digit of n?
8
Suppose 155 = m - 8. What is the hundreds digit of m?
1
Let k(l) be the first derivative of l**3/3 - 9*l**2/2 - 14*l + 3. What is the units digit of k(12)?
2
Let m(k) = k**3 + k**2 - 69. Let a be m(0). What is the tens digit of (-1 - (-2 - a))/(-2)?
3
Suppose -6*a + 585 = 4*n - 3*a, 0 = -2*n - 3*a + 291. What is the tens digit of n?
4
What is the tens digit of (6 - -18)/(6/4)?
1
Let f be (16/(-14) - -2)*-7. Let c = f - -8. What is the units digit of c?
2
Suppose 0 = -3*k + 145 + 11. What is the tens digit of k?
5
Suppose 0 = 5*i - 4*i - 5*x - 28, 0 = -3*i + 5*x + 34. Suppose -i*n + 52 = -41. Let w = -19 + n. What is the units digit of w?
2
Suppose 0 = 3*b - 12, -5*b = o - 5*o - 16. What is the units digit of o + 8*3/3?
9
Let f = 103 - 41. What is the tens digit of f?
6
What is the tens digit of (232/(-6) - 12/(-18))*-1?
3
Suppose 5*v + 6 - 1 = 0, -14 = -3*h + 5*v. Suppose -4*t - t - 25 = -2*y, -y + 20 = -5*t. Suppose d - w + h = 2*d, -y*d = w - 31. What is the units digit of d?
7
Let s = -2 - -12. What is the units digit of s?
0
Let q(m) = m**3 - 2*m**2 + 2. Suppose 6 + 2 = 4*z. What is the units digit of q(z)?
2
Let p(j) = -j**2 - 4*j - 4. Let d be p(-4). Suppose -1 = 5*b - 36. Let s = d + b. What is the units digit of s?
3
Let g(k) = -5*k**3 - 5*k**2 - 3*k - 5. Let n(u) = 11*u**3 + 10*u**2 + 6*u + 10. Let t(i) = -9*g(i) - 4*n(i). What is the units digit of t(-4)?
9
Suppose m - 11 = 2*r, 5*r + 18 = 3*m - 10. Suppose 3*n + m = 10, -2*f = 2*n - 72. What is the units digit of f?
3
Let s(t) = 3*t**3 + 2*t**2 + 2*t - 1. Let n be s(2). Suppose 4*v - n = 5. What is the units digit of v?
0
What is the units digit of -332*(-3)/12 + -4?
9
Let h(i) be the third derivative of -3*i**6/40 - i**5/30 + i**3/6 - i**2. What is the units digit of h(-1)?
8
Let u be ((-4)/(-6))/(2/63). Let x = -9 + u. What is the units digit of x?
2
Let t(g) = 0*g - 2*g - 6 - g. Let z = -11 + 7. What is the units digit of t(z)?
6
Let k(p) = -p + 3*p - 3*p**2 - 4*p**3 + 2*p**3 - 1. Let x be k(-3). Let u = x - 10. What is the units digit of u?
0
Let c be (-4)/3*(-774)/12. Let w = -52 + c. What is the units digit of w?
4
Suppose y + 0 = 1. Suppose 0 = -2*l + 7 - y. Suppose a = -l*a + 28. What is the units digit of a?
7
Let a be 20/(-6) - (-2)/6. Let d(z) = -3*z + 1. Let w be d(a). Suppose 0 = 3*y - w - 20. What is the units digit of y?
0
Suppose -2*k = 3*h - 436, -3*k + 418 = 4*h - 164. What is the units digit of h?
4
What is the units digit of (49*-2)/(-1 + (0 - 0))?
8
Suppose m - 13 = -3*h - 0*m, 4*m - 16 = 0. Let s = -4 + h. What is the units digit of (s + 8)*42/49?
6
Let b = -51 + 113. Suppose -4*w = -2*h - 1 + 21, -3*h = 2*w - b. What is the units digit of h?
8
Let m(x) = x**3 + x**2 + 4. Let g be m(0). Let v be (-36 + 1)/((-2)/g). Suppose 0*t = -5*t + v. What is the units digit of t?
4
Suppose 0*o + 3*o + 5*y = -9, 15 = -5*o + 2*y. Let l be o/(-18)*3*-10. Let c = l - -14. What is the units digit of c?
9
What is the units digit of (-1 - 56)*(-12)/18?
8
Let i = 11 - 4. Suppose -3*l = 3*y - 57, -3*l = y - 4*y - 27. Suppose -3*a = -l - i. What is the units digit of a?
7
Suppose -3*a + 5*a = k + 3, 4*k = a + 9. Suppose -2*o + a*o = -2. Let p = 10 + o. What is the units digit of p?
8
Let z(c) = 3*c + 7 - 2 - 2*c. Let w = 37 - 31. What is the units digit of z(w)?
1
Let k = 64 - 27. What is the units digit of k?
7
Let d(k) = 4*k**3 + k**2 - 1. Let r be d(-1). What is the units digit of r/(-10) + (-58)/(-5)?
2
Let h(x) = x**2 + 7*x - 8. Let p(l) = -l**2 + 3*l + 1. Let b be p(5). What is the units digit of h(b)?
0
Let g be -1 + (-1 - -1) + 13. Let k = -17 + g. Let n = -2 - k. What is the units digit of n?
3
Let r(u) = -u**2 - 5*u + 4. Let k = -13 + 20. Let t = 2 - k. What is the units digit of r(t)?
4
Let i = 0 - -17. What is the units digit of i?
7
Suppose 3*j = -3*j + 630. What is the tens digit of j?
0
Suppose 2*m - 20 = a, 2*m + a + a - 32 = 0. Suppose 0 = b + 3, 0 = h + 3*b - 4*b - m. What is the units digit of h?
9
Let o = 83 + 63. What is the tens digit of o?
4
Suppose 9 + 316 = 4*s - 3*c, -2*s + 2*c + 164 = 0. Let z = -54 + s. What is the units digit of 92/10 + (-5)/z?
9
Let u = 57 - -1. What is the tens digit of u?
5
Suppose 2*w - 101 = 115. What is the hundreds digit of w?
1
Let g(a) = a + 23. What is the tens digit of g(-12)?
1
Let j be (1 - -2)*(-10 + 1). Let y = j - -48. What is the tens digit of y?
2
Let s(t) = -2*t + 7. Let f be 16/(-56) - 54/7. What is the units digit of s(f)?
3
Suppose p + 2*p + 5*k + 119 = 0, 0 = -2*p - 3*k - 80. Let z = p + 61. What is the tens digit of z?
1
Suppose 0 = 5*m + 15, 4*l - 8*l + 4*m = -44. Let v(a) = 2*a - 5 + 4 - 3. What is the tens digit of v(l)?
1
Let t(g) = g + 1. Let n(p) = p**3 + 6*p**2 - 2*p - 6. Let o be n(-6). What is the units digit of t(o)?
7
Let s(d) = d**2 + d + 1. Let i(g) = g**3 + 2*g**2 + 8*g + 4. Let u(j) = -i(j) + 6*s(j). Let c = -6 - -8. What is the units digit of u(c)?
6
Suppose 5 + 19 = 4*y. What is the units digit of (-2 + 12)/(y/3)?
5
Suppose 3*r - 3*b - 158 = 28, 3*b = -3*r + 174. What is the units digit of r?
0
Let n(z) = z**2 - 9*z - 1. What is the units digit of n(12)?
5
Suppose -8 = -3*u - 2. Suppose -1 = 2*n - 7. Suppose n*x - 40 = -u*x. What is the units digit of x?
8
Let s(h) = -h**3 - 10*h**2 + h + 24. What is the tens digit of s(-10)?
1
Let a(y) = -y**2 - 5*y - 4. Let d be a(-5). Suppose 3 = l + 5. Let w = l - d. What is the units digit of w?
2
Let b(k) = -k + 61. Let z be b(0). Let u = 92 - z. What is the units digit of u?
1
Let c(v) be the third derivative of -v**4/24 - v**3/6 - 2*v**2. Let m be c(-5). Let t = m - 1. What is the units digit of t?
3
Suppose 0 = -4*q + 4*y - 2*y + 148, 5*q - 171 = -y. Let t = q + -18. What is the units digit of t?
7
Let m(y) = -y**2 - 8*y - 6. Let r be m(-6). Suppose 5*d = -2*g + 2*d + 12, -4*d = g - r. What is the units digit of (-2)/g + 39/9?
4
Let o = 72 - 108. What is the tens digit of o*(0 - (-1)/(-3))?
1
Let o = 99 - 71. Suppose -2*d + 0*y + 3*y = -11, d + 5 = 5*y. Suppose 2*q = -d + o. What is the units digit of q?
9
Let f = 24 + -9. What is the tens digit of f?
1
Let u(q) = 75*q**3 - q**2 + q. What is the units d